{"id":1402,"date":"2025-08-06T21:26:59","date_gmt":"2025-08-06T19:26:59","guid":{"rendered":"http:\/\/139.84.233.196\/acbf.org\/?post_type=acbf_video_gallery&#038;p=1402"},"modified":"2025-08-06T21:26:59","modified_gmt":"2025-08-06T19:26:59","slug":"highlights-of-the-international-conference-on-taxation-of-the-digital-economy","status":"publish","type":"acbf_video_gallery","link":"https:\/\/theacbf.org\/fr\/acbf-video-gallery\/highlights-of-the-international-conference-on-taxation-of-the-digital-economy\/","title":{"rendered":"Points saillants de la Conf\u00e9rence internationale sur la fiscalit\u00e9 de l'\u00e9conomie num\u00e9rique"},"featured_media":0,"template":"","class_list":["post-1402","acbf_video_gallery","type-acbf_video_gallery","status-publish","hentry"],"acf":[],"_links":{"self":[{"href":"https:\/\/theacbf.org\/fr\/wp-json\/wp\/v2\/acbf_video_gallery\/1402","targetHints":{"allow":["GET"]}}],"collection":[{"href":"https:\/\/theacbf.org\/fr\/wp-json\/wp\/v2\/acbf_video_gallery"}],"about":[{"href":"https:\/\/theacbf.org\/fr\/wp-json\/wp\/v2\/types\/acbf_video_gallery"}],"wp:attachment":[{"href":"https:\/\/theacbf.org\/fr\/wp-json\/wp\/v2\/media?parent=1402"}],"curies":[{"name":"wp","href":"https:\/\/api.w.org\/{rel}","templated":true}]}}

Points saillants de la Conférence internationale sur la fiscalité de l'économie numérique
