{"id":1414,"date":"2025-08-06T21:48:17","date_gmt":"2025-08-06T19:48:17","guid":{"rendered":"http:\/\/139.84.233.196\/acbf.org\/?post_type=acbf_video_gallery&#038;p=1414"},"modified":"2025-08-06T21:48:17","modified_gmt":"2025-08-06T19:48:17","slug":"the-international-conference-on-taxation-of-the-digital-economy-2","status":"publish","type":"acbf_video_gallery","link":"https:\/\/theacbf.org\/fr\/acbf-video-gallery\/the-international-conference-on-taxation-of-the-digital-economy-2\/","title":{"rendered":"La Conf\u00e9rence internationale sur la fiscalit\u00e9 de l'\u00e9conomie num\u00e9rique"},"featured_media":0,"template":"","class_list":["post-1414","acbf_video_gallery","type-acbf_video_gallery","status-publish","hentry"],"acf":[],"_links":{"self":[{"href":"https:\/\/theacbf.org\/fr\/wp-json\/wp\/v2\/acbf_video_gallery\/1414","targetHints":{"allow":["GET"]}}],"collection":[{"href":"https:\/\/theacbf.org\/fr\/wp-json\/wp\/v2\/acbf_video_gallery"}],"about":[{"href":"https:\/\/theacbf.org\/fr\/wp-json\/wp\/v2\/types\/acbf_video_gallery"}],"wp:attachment":[{"href":"https:\/\/theacbf.org\/fr\/wp-json\/wp\/v2\/media?parent=1414"}],"curies":[{"name":"wp","href":"https:\/\/api.w.org\/{rel}","templated":true}]}}

La Conférence internationale sur la fiscalité de l'économie numérique
